{"id":4911,"date":"2025-04-30T20:34:02","date_gmt":"2025-04-30T20:34:02","guid":{"rendered":"https:\/\/autogestion.cl\/?post_type=product&#038;p=4911"},"modified":"2025-10-22T23:44:16","modified_gmt":"2025-10-22T23:44:16","slug":"volkswagen-amarok-2-0-comfortline-4x4-2019","status":"publish","type":"product","link":"https:\/\/autogestion.cl\/index.php\/producto\/volkswagen-amarok-2-0-comfortline-4x4-2019\/","title":{"rendered":"Volkswagen Amarok 2.0 Comfortline 4&#215;4 2019"},"content":{"rendered":"","protected":false},"excerpt":{"rendered":"<p>* A\u00f1o: 2019<br \/>\n* Combustible: D\u00edesel<br \/>\n* Transmisi\u00f3n: Autom\u00e1tico<br \/>\n* Kilometraje: 123.000KM<br \/>\n* Aire Acondicionado<br \/>\n* Asientos de Tela<br \/>\n* 4&#215;4<br \/>\n* \u2060sensores de retroceso<br \/>\n* \u2060pantalla touch<br \/>\n* \u2060mantenciones al dia<\/p>\n<p>\u27a1\ufe0f Gestionamos tu cr\u00e9dito automotriz con el 35% de pie y hasta 48 meses para cancelar con la mejor tasa del mercado \ud83d\udd25\ud83d\ude97\u2705<\/p>\n<p>\u2139\ufe0f Recuerda que estamos ubicados en Francisco Bilbao 4864, Las Condes.<\/p>\n","protected":false},"featured_media":4912,"comment_status":"open","ping_status":"closed","template":"","meta":{"site-sidebar-layout":"default","site-content-layout":"","ast-site-content-layout":"default","site-content-style":"default","site-sidebar-style":"default","ast-global-header-display":"","ast-banner-title-visibility":"","ast-main-header-display":"","ast-hfb-above-header-display":"","ast-hfb-below-header-display":"","ast-hfb-mobile-header-display":"","site-post-title":"","ast-breadcrumbs-content":"","ast-featured-img":"","footer-sml-layout":"","ast-disable-related-posts":"","theme-transparent-header-meta":"default","adv-header-id-meta":"","stick-header-meta":"","header-above-stick-meta":"","header-main-stick-meta":"","header-below-stick-meta":"","astra-migrate-meta-layouts":"set","ast-page-background-enabled":"default","ast-page-background-meta":{"desktop":{"background-color":"","background-image":"","background-repeat":"repeat","background-position":"center center","background-size":"auto","background-attachment":"scroll","background-type":"","background-media":"","overlay-type":"","overlay-color":"","overlay-opacity":"","overlay-gradient":""},"tablet":{"background-color":"","background-image":"","background-repeat":"repeat","background-position":"center center","background-size":"auto","background-attachment":"scroll","background-type":"","background-media":"","overlay-type":"","overlay-color":"","overlay-opacity":"","overlay-gradient":""},"mobile":{"background-color":"","background-image":"","background-repeat":"repeat","background-position":"center center","background-size":"auto","background-attachment":"scroll","background-type":"","background-media":"","overlay-type":"","overlay-color":"","overlay-opacity":"","overlay-gradient":""}},"ast-content-background-meta":{"desktop":{"background-color":"var(--ast-global-color-5)","background-image":"","background-repeat":"repeat","background-position":"center center","background-size":"auto","background-attachment":"scroll","background-type":"","background-media":"","overlay-type":"","overlay-color":"","overlay-opacity":"","overlay-gradient":""},"tablet":{"background-color":"var(--ast-global-color-5)","background-image":"","background-repeat":"repeat","background-position":"center center","background-size":"auto","background-attachment":"scroll","background-type":"","background-media":"","overlay-type":"","overlay-color":"","overlay-opacity":"","overlay-gradient":""},"mobile":{"background-color":"var(--ast-global-color-5)","background-image":"","background-repeat":"repeat","background-position":"center center","background-size":"auto","background-attachment":"scroll","background-type":"","background-media":"","overlay-type":"","overlay-color":"","overlay-opacity":"","overlay-gradient":""}}},"product_brand":[],"product_cat":[28,29],"product_tag":[],"class_list":{"0":"post-4911","1":"product","2":"type-product","3":"status-publish","4":"has-post-thumbnail","6":"product_cat-camionetas","7":"product_cat-stock","8":"desktop-align-left","9":"tablet-align-left","10":"mobile-align-left","12":"first","13":"onbackorder","14":"sale","15":"taxable","16":"shipping-taxable","17":"purchasable","18":"product-type-simple"},"yoast_head":"<!-- This site is optimized with the Yoast SEO plugin v26.6 - https:\/\/yoast.com\/wordpress\/plugins\/seo\/ -->\n<title>Volkswagen Amarok 2.0 Comfortline 4x4 2019 - AutoGesti\u00f3n<\/title>\n<meta name=\"robots\" content=\"index, follow, max-snippet:-1, max-image-preview:large, max-video-preview:-1\" \/>\n<link rel=\"canonical\" href=\"https:\/\/autogestion.cl\/index.php\/producto\/volkswagen-amarok-2-0-comfortline-4x4-2019\/\" \/>\n<meta property=\"og:locale\" content=\"es_ES\" \/>\n<meta property=\"og:type\" content=\"article\" \/>\n<meta property=\"og:title\" content=\"Volkswagen Amarok 2.0 Comfortline 4x4 2019 - AutoGesti\u00f3n\" \/>\n<meta property=\"og:description\" content=\"* A\u00f1o: 2019 * Combustible: D\u00edesel * Transmisi\u00f3n: Autom\u00e1tico * Kilometraje: 123.000KM * Aire Acondicionado * Asientos de Tela * 4x4 * \u2060sensores de retroceso * \u2060pantalla touch * \u2060mantenciones al dia  \u27a1\ufe0f Gestionamos tu cr\u00e9dito automotriz con el 35% de pie y hasta 48 meses para cancelar con la mejor tasa del mercado \ud83d\udd25\ud83d\ude97\u2705  \u2139\ufe0f Recuerda que estamos ubicados en Francisco Bilbao 4864, Las Condes.\" \/>\n<meta property=\"og:url\" content=\"https:\/\/autogestion.cl\/index.php\/producto\/volkswagen-amarok-2-0-comfortline-4x4-2019\/\" \/>\n<meta property=\"og:site_name\" content=\"AutoGesti\u00f3n\" \/>\n<meta property=\"article:modified_time\" content=\"2025-10-22T23:44:16+00:00\" \/>\n<meta property=\"og:image\" content=\"https:\/\/autogestion.cl\/wp-content\/uploads\/2025\/04\/494643807_122189997596094937_963162050834181164_n.jpg\" \/>\n\t<meta property=\"og:image:width\" content=\"768\" \/>\n\t<meta property=\"og:image:height\" content=\"960\" \/>\n\t<meta property=\"og:image:type\" content=\"image\/jpeg\" \/>\n<meta name=\"twitter:card\" content=\"summary_large_image\" \/>\n<meta name=\"twitter:label1\" content=\"Tiempo de lectura\" \/>\n\t<meta name=\"twitter:data1\" content=\"1 minuto\" \/>\n<script type=\"application\/ld+json\" class=\"yoast-schema-graph\">{\"@context\":\"https:\/\/schema.org\",\"@graph\":[{\"@type\":\"WebPage\",\"@id\":\"https:\/\/autogestion.cl\/index.php\/producto\/volkswagen-amarok-2-0-comfortline-4x4-2019\/\",\"url\":\"https:\/\/autogestion.cl\/index.php\/producto\/volkswagen-amarok-2-0-comfortline-4x4-2019\/\",\"name\":\"Volkswagen Amarok 2.0 Comfortline 4x4 2019 - AutoGesti\u00f3n\",\"isPartOf\":{\"@id\":\"https:\/\/autogestion.cl\/#website\"},\"primaryImageOfPage\":{\"@id\":\"https:\/\/autogestion.cl\/index.php\/producto\/volkswagen-amarok-2-0-comfortline-4x4-2019\/#primaryimage\"},\"image\":{\"@id\":\"https:\/\/autogestion.cl\/index.php\/producto\/volkswagen-amarok-2-0-comfortline-4x4-2019\/#primaryimage\"},\"thumbnailUrl\":\"https:\/\/autogestion.cl\/wp-content\/uploads\/2025\/04\/494643807_122189997596094937_963162050834181164_n.jpg\",\"datePublished\":\"2025-04-30T20:34:02+00:00\",\"dateModified\":\"2025-10-22T23:44:16+00:00\",\"breadcrumb\":{\"@id\":\"https:\/\/autogestion.cl\/index.php\/producto\/volkswagen-amarok-2-0-comfortline-4x4-2019\/#breadcrumb\"},\"inLanguage\":\"es\",\"potentialAction\":[{\"@type\":\"ReadAction\",\"target\":[\"https:\/\/autogestion.cl\/index.php\/producto\/volkswagen-amarok-2-0-comfortline-4x4-2019\/\"]}]},{\"@type\":\"ImageObject\",\"inLanguage\":\"es\",\"@id\":\"https:\/\/autogestion.cl\/index.php\/producto\/volkswagen-amarok-2-0-comfortline-4x4-2019\/#primaryimage\",\"url\":\"https:\/\/autogestion.cl\/wp-content\/uploads\/2025\/04\/494643807_122189997596094937_963162050834181164_n.jpg\",\"contentUrl\":\"https:\/\/autogestion.cl\/wp-content\/uploads\/2025\/04\/494643807_122189997596094937_963162050834181164_n.jpg\",\"width\":768,\"height\":960},{\"@type\":\"BreadcrumbList\",\"@id\":\"https:\/\/autogestion.cl\/index.php\/producto\/volkswagen-amarok-2-0-comfortline-4x4-2019\/#breadcrumb\",\"itemListElement\":[{\"@type\":\"ListItem\",\"position\":1,\"name\":\"Portada\",\"item\":\"https:\/\/autogestion.cl\/\"},{\"@type\":\"ListItem\",\"position\":2,\"name\":\"Shop\",\"item\":\"https:\/\/autogestion.cl\/index.php\/shop\/\"},{\"@type\":\"ListItem\",\"position\":3,\"name\":\"Volkswagen Amarok 2.0 Comfortline 4&#215;4 2019\"}]},{\"@type\":\"WebSite\",\"@id\":\"https:\/\/autogestion.cl\/#website\",\"url\":\"https:\/\/autogestion.cl\/\",\"name\":\"AutoGesti\u00f3n\",\"description\":\"\",\"publisher\":{\"@id\":\"https:\/\/autogestion.cl\/#organization\"},\"potentialAction\":[{\"@type\":\"SearchAction\",\"target\":{\"@type\":\"EntryPoint\",\"urlTemplate\":\"https:\/\/autogestion.cl\/?s={search_term_string}\"},\"query-input\":{\"@type\":\"PropertyValueSpecification\",\"valueRequired\":true,\"valueName\":\"search_term_string\"}}],\"inLanguage\":\"es\"},{\"@type\":\"Organization\",\"@id\":\"https:\/\/autogestion.cl\/#organization\",\"name\":\"AutoGesti\u00f3n\",\"url\":\"https:\/\/autogestion.cl\/\",\"logo\":{\"@type\":\"ImageObject\",\"inLanguage\":\"es\",\"@id\":\"https:\/\/autogestion.cl\/#\/schema\/logo\/image\/\",\"url\":\"https:\/\/autogestion.cl\/wp-content\/uploads\/2025\/02\/cropped-cropped-logo-priueba-sin-fondo-marca-de-agua.png\",\"contentUrl\":\"https:\/\/autogestion.cl\/wp-content\/uploads\/2025\/02\/cropped-cropped-logo-priueba-sin-fondo-marca-de-agua.png\",\"width\":1885,\"height\":629,\"caption\":\"AutoGesti\u00f3n\"},\"image\":{\"@id\":\"https:\/\/autogestion.cl\/#\/schema\/logo\/image\/\"}}]}<\/script>\n<!-- \/ Yoast SEO plugin. -->","yoast_head_json":{"title":"Volkswagen Amarok 2.0 Comfortline 4x4 2019 - AutoGesti\u00f3n","robots":{"index":"index","follow":"follow","max-snippet":"max-snippet:-1","max-image-preview":"max-image-preview:large","max-video-preview":"max-video-preview:-1"},"canonical":"https:\/\/autogestion.cl\/index.php\/producto\/volkswagen-amarok-2-0-comfortline-4x4-2019\/","og_locale":"es_ES","og_type":"article","og_title":"Volkswagen Amarok 2.0 Comfortline 4x4 2019 - AutoGesti\u00f3n","og_description":"* A\u00f1o: 2019 * Combustible: D\u00edesel * Transmisi\u00f3n: Autom\u00e1tico * Kilometraje: 123.000KM * Aire Acondicionado * Asientos de Tela * 4x4 * \u2060sensores de retroceso * \u2060pantalla touch * \u2060mantenciones al dia  \u27a1\ufe0f Gestionamos tu cr\u00e9dito automotriz con el 35% de pie y hasta 48 meses para cancelar con la mejor tasa del mercado \ud83d\udd25\ud83d\ude97\u2705  \u2139\ufe0f Recuerda que estamos ubicados en Francisco Bilbao 4864, Las Condes.","og_url":"https:\/\/autogestion.cl\/index.php\/producto\/volkswagen-amarok-2-0-comfortline-4x4-2019\/","og_site_name":"AutoGesti\u00f3n","article_modified_time":"2025-10-22T23:44:16+00:00","og_image":[{"width":768,"height":960,"url":"https:\/\/autogestion.cl\/wp-content\/uploads\/2025\/04\/494643807_122189997596094937_963162050834181164_n.jpg","type":"image\/jpeg"}],"twitter_card":"summary_large_image","twitter_misc":{"Tiempo de lectura":"1 minuto"},"schema":{"@context":"https:\/\/schema.org","@graph":[{"@type":"WebPage","@id":"https:\/\/autogestion.cl\/index.php\/producto\/volkswagen-amarok-2-0-comfortline-4x4-2019\/","url":"https:\/\/autogestion.cl\/index.php\/producto\/volkswagen-amarok-2-0-comfortline-4x4-2019\/","name":"Volkswagen Amarok 2.0 Comfortline 4x4 2019 - AutoGesti\u00f3n","isPartOf":{"@id":"https:\/\/autogestion.cl\/#website"},"primaryImageOfPage":{"@id":"https:\/\/autogestion.cl\/index.php\/producto\/volkswagen-amarok-2-0-comfortline-4x4-2019\/#primaryimage"},"image":{"@id":"https:\/\/autogestion.cl\/index.php\/producto\/volkswagen-amarok-2-0-comfortline-4x4-2019\/#primaryimage"},"thumbnailUrl":"https:\/\/autogestion.cl\/wp-content\/uploads\/2025\/04\/494643807_122189997596094937_963162050834181164_n.jpg","datePublished":"2025-04-30T20:34:02+00:00","dateModified":"2025-10-22T23:44:16+00:00","breadcrumb":{"@id":"https:\/\/autogestion.cl\/index.php\/producto\/volkswagen-amarok-2-0-comfortline-4x4-2019\/#breadcrumb"},"inLanguage":"es","potentialAction":[{"@type":"ReadAction","target":["https:\/\/autogestion.cl\/index.php\/producto\/volkswagen-amarok-2-0-comfortline-4x4-2019\/"]}]},{"@type":"ImageObject","inLanguage":"es","@id":"https:\/\/autogestion.cl\/index.php\/producto\/volkswagen-amarok-2-0-comfortline-4x4-2019\/#primaryimage","url":"https:\/\/autogestion.cl\/wp-content\/uploads\/2025\/04\/494643807_122189997596094937_963162050834181164_n.jpg","contentUrl":"https:\/\/autogestion.cl\/wp-content\/uploads\/2025\/04\/494643807_122189997596094937_963162050834181164_n.jpg","width":768,"height":960},{"@type":"BreadcrumbList","@id":"https:\/\/autogestion.cl\/index.php\/producto\/volkswagen-amarok-2-0-comfortline-4x4-2019\/#breadcrumb","itemListElement":[{"@type":"ListItem","position":1,"name":"Portada","item":"https:\/\/autogestion.cl\/"},{"@type":"ListItem","position":2,"name":"Shop","item":"https:\/\/autogestion.cl\/index.php\/shop\/"},{"@type":"ListItem","position":3,"name":"Volkswagen Amarok 2.0 Comfortline 4&#215;4 2019"}]},{"@type":"WebSite","@id":"https:\/\/autogestion.cl\/#website","url":"https:\/\/autogestion.cl\/","name":"AutoGesti\u00f3n","description":"","publisher":{"@id":"https:\/\/autogestion.cl\/#organization"},"potentialAction":[{"@type":"SearchAction","target":{"@type":"EntryPoint","urlTemplate":"https:\/\/autogestion.cl\/?s={search_term_string}"},"query-input":{"@type":"PropertyValueSpecification","valueRequired":true,"valueName":"search_term_string"}}],"inLanguage":"es"},{"@type":"Organization","@id":"https:\/\/autogestion.cl\/#organization","name":"AutoGesti\u00f3n","url":"https:\/\/autogestion.cl\/","logo":{"@type":"ImageObject","inLanguage":"es","@id":"https:\/\/autogestion.cl\/#\/schema\/logo\/image\/","url":"https:\/\/autogestion.cl\/wp-content\/uploads\/2025\/02\/cropped-cropped-logo-priueba-sin-fondo-marca-de-agua.png","contentUrl":"https:\/\/autogestion.cl\/wp-content\/uploads\/2025\/02\/cropped-cropped-logo-priueba-sin-fondo-marca-de-agua.png","width":1885,"height":629,"caption":"AutoGesti\u00f3n"},"image":{"@id":"https:\/\/autogestion.cl\/#\/schema\/logo\/image\/"}}]}},"_links":{"self":[{"href":"https:\/\/autogestion.cl\/index.php\/wp-json\/wp\/v2\/product\/4911","targetHints":{"allow":["GET"]}}],"collection":[{"href":"https:\/\/autogestion.cl\/index.php\/wp-json\/wp\/v2\/product"}],"about":[{"href":"https:\/\/autogestion.cl\/index.php\/wp-json\/wp\/v2\/types\/product"}],"replies":[{"embeddable":true,"href":"https:\/\/autogestion.cl\/index.php\/wp-json\/wp\/v2\/comments?post=4911"}],"wp:featuredmedia":[{"embeddable":true,"href":"https:\/\/autogestion.cl\/index.php\/wp-json\/wp\/v2\/media\/4912"}],"wp:attachment":[{"href":"https:\/\/autogestion.cl\/index.php\/wp-json\/wp\/v2\/media?parent=4911"}],"wp:term":[{"taxonomy":"product_brand","embeddable":true,"href":"https:\/\/autogestion.cl\/index.php\/wp-json\/wp\/v2\/product_brand?post=4911"},{"taxonomy":"product_cat","embeddable":true,"href":"https:\/\/autogestion.cl\/index.php\/wp-json\/wp\/v2\/product_cat?post=4911"},{"taxonomy":"product_tag","embeddable":true,"href":"https:\/\/autogestion.cl\/index.php\/wp-json\/wp\/v2\/product_tag?post=4911"}],"curies":[{"name":"wp","href":"https:\/\/api.w.org\/{rel}","templated":true}]}}